751*z - 7196. Give l(11).
-24
Let c(f) = 194*f - 12180. Determine c(63).
42
Let f(w) = -w**3 + 9*w**2 + 1940*w - 58. Give f(49).
-1038
Let c(k) = -4077*k + 69326. Determine c(17).
17
Let d(s) = 137*s**2 + 8468*s - 1174. Determine d(-62).
438
Let u(g) = -2*g**2 + 419*g - 15864. Calculate u(160).
-24
Let j(w) = -55*w - 187. Calculate j(0).
-187
Let o(s) = 5*s**2 + 57*s - 166. Determine o(3).
50
Let a(x) = -835*x - 17823. Determine a(-16).
-4463
Let s(r) = -1028*r - 18511. Determine s(-18).
-7
Let f(b) = -2*b**3 - 319*b**2 + 805*b - 811. Give f(-162).
-1
Let o(q) = -143*q**2 - 3419*q + 308. What is o(-24)?
-4
Let p(b) = -362*b - 13657. What is p(-27)?
-3883
Let r(z) = -z**3 + 109*z**2 - 299*z - 376. Give r(106).
1638
Let u(d) = d**3 - 88*d**2 - 4*d - 100. Give u(88).
-452
Let a(j) = -744*j - 12814. Calculate a(-17).
-166
Let q(x) = -141*x**2 + 1371*x - 160. Determine q(9).
758
Let a(b) = -15376*b + 138649. Determine a(9).
265
Let f(g) = -5*g**3 + 37*g**2 - 10*g - 296. What is f(10)?
-1696
Let f(z) = -59*z**2 + 3710*z - 3286. Determine f(62).
-62
Let o(h) = h**3 - 154*h**2 + 443*h + 1512. Determine o(151).
2
Let w(z) = 74*z**2 + 49*z - 14. Give w(-1).
11
Let l(g) = -26042*g - 156180. What is l(-6)?
72
Let v(g) = -g**3 + 69*g**2 - 677*g - 9. Calculate v(57).
390
Let s(f) = -14*f**2 - 83*f - 100. What is s(-6)?
-106
Let u(d) = -33617*d - 302619. Determine u(-9).
-66
Let s(q) = -q**3 - 556*q**2 + 198*q + 109996. Calculate s(-556).
-92
Let d(n) = -1003*n + 95225. Give d(95).
-60
Let y(g) = -g**3 + 28*g**2 - 146*g + 595. What is y(22)?
287
Let h(f) = -f**3 + 27*f**2 - 1586*f + 43109. Determine h(27).
287
Let t(u) = 33*u - 2284. What is t(69)?
-7
Let l(p) = 7*p**2 + 32*p - 316. Calculate l(-13).
451
Let s(w) = 2*w**3 + 19*w**2 - 49*w - 269. Give s(-6).
277
Let q(k) = -21*k**3 - 333*k**2 - 14*k - 3. Determine q(-16).
989
Let y(u) = -2*u**3 - 43*u**2 - 110*u - 1867. Determine y(-21).
2
Let i(s) = -60*s - 5281. Determine i(-88).
-1
Let y(o) = -2*o**3 - 26*o**2 - 76*o - 53. What is y(-7)?
-109
Let l(o) = -3*o**3 + 307*o**2 + 202*o - 151. What is l(103)?
-563
Let x(r) = r**3 - 50*r**2 + 70*r - 3576. Calculate x(50).
-76
Let k(h) = 3*h**2 + 212*h + 2868. What is k(-17)?
131
Let i(o) = 2*o**2 - 327*o + 11259. Determine i(48).
171
Let f(o) = 3*o**2 - 370*o - 36466. Calculate f(188).
6
Let a(b) = 3*b**2 + 1134*b + 7805. Calculate a(-7).
14
Let f(l) = -15*l**2 - 2611*l + 5061. What is f(-176)?
-43
Let p(x) = 64*x + 6106. What is p(-47)?
3098
Let j(y) = 16*y**2 - 3341*y - 2712. Determine j(211).
4673
Let v(z) = z**3 + 7*z**2 - 116780*z - 350349. Determine v(-3).
27
Let b(y) = 3*y**2 + 41*y - 8364. Calculate b(49).
848
Let f(h) = 6*h**3 + 18*h**2 + 41*h - 458. Calculate f(8).
4094
Let x(i) = i**3 + 186*i**2 - 199*i - 1890. What is x(-187)?
354
Let w(m) = -3248*m + 350771. What is w(108)?
-13
Let x(o) = 200173*o + 36231304. Determine x(-181).
-9
Let h(z) = -z**2 + 199*z - 7241. Calculate h(124).
2059
Let p(m) = -13*m**3 + 85*m**2 - 146*m - 3. Calculate p(3).
-27
Let o(a) = -144*a**2 + 617*a - 614. Give o(1).
-141
Let n(b) = b**3 + 152*b**2 - 313*b - 678. Calculate n(-154).
92
Let h(r) = -51*r**2 + 990*r - 245. Give h(19).
154
Let g(m) = -4542*m - 204. Give g(0).
-204
Let z(i) = i**3 - 83*i**2 - 2921*i - 5398. Determine z(110).
-8
Let g(t) = 306*t - 1174. Calculate g(9).
1580
Let r(w) = 29427*w + 676816. What is r(-23)?
-5
Let j(w) = -w**2 - 40032*w + 841095. What is j(21)?
-18
Let h(p) = p**2 + 92*p - 1414. Calculate h(13).
-49
Let o(v) = v**3 + 9*v**2 - 565*v + 2651. Determine o(0).
2651
Let d(b) = 26182*b - 1021096. What is d(39)?
2
Let d(l) = -404*l**2 - 110666*l + 8214. Determine d(-274).
-6
Let o(x) = x**3 + 215*x**2 + 11552*x - 48. Give o(-109).
170
Let q(o) = -41*o**3 - 460*o**2 + 2495*o + 2. Calculate q(4).
-2
Let l(j) = j**3 - 1450*j**2 - 7218*j - 82910. Give l(1455).
25
Let h(w) = 91953*w + 1287341. What is h(-14)?
-1
Let x(t) = 13*t**3 - 1057*t**2 + 325*t - 504. Give x(81).
-423
Let h(d) = 85*d**2 - 432*d + 415. Give h(7).
1556
Let d(a) = -22963*a + 642965. Calculate d(28).
1
Let q(k) = -k**3 - 346*k**2 + 523*k + 61093. Calculate q(-347).
21
Let w(n) = 192514*n + 1155096. Determine w(-6).
12
Let o(g) = -10*g**3 + 242*g**2 + 12*g - 1455. Give o(24).
-15
Let y(r) = -r**3 - 10*r**2 - 5659*r + 17103. Give y(3).
9
Let k(n) = 219*n + 10598. Give k(-39).
2057
Let n(w) = 17*w**3 + 22*w**2 + 12*w + 1. Determine n(-6).
-2951
Let r(a) = a**3 - 469*a**2 + 32175*a - 11364. Calculate r(83).
7
Let l(t) = -2*t**3 - 4*t**2 - 1360*t - 5451. Determine l(-4).
53
Let b(l) = -5*l**2 + 8001*l - 7999. Determine b(1).
-3
Let q(a) = 2*a**2 + 403*a - 5144. What is q(12)?
-20
Let p(m) = m**3 + 19*m**2 + 168*m + 2432. Calculate p(-18).
-268
Let u(l) = -13944*l - 4740968. What is u(-340)?
-8
Let t(p) = -p**3 - 108*p**2 - 317*p + 352. Give t(-105).
562
Let j(a) = -139*a**3 + 558*a**2 - 2*a - 36. Give j(4).
-12
Let p(m) = -m**3 + 78*m**2 - 1528*m + 372. Give p(38).
68
Let g(f) = -37*f**2 + 17*f - 39. Determine g(2).
-153
Let q(u) = -53*u**2 - 1007*u + 1077. Determine q(-20).
17
Let n(k) = 3*k**3 + 82*k**2 - 96*k - 5281. Calculate n(-26).
-81
Let h(q) = -2*q**3 - 38*q**2 + 197*q - 26. Give h(-21).
-2399
Let m(w) = -7300*w - 95176. What is m(-13)?
-276
Let g(q) = -7*q**2 + 992*q - 1149. Give g(141).
-444
Let i(x) = 6568*x + 4774946. Give i(-727).
10
Let u(y) = 26*y**2 + 46*y + 171. Calculate u(-8).
1467
Let w(f) = f**3 - 83*f**2 - 1273*f + 2376. Calculate w(96).
-24
Let d(k) = 3*k**2 + 882*k - 5371. What is d(6)?
29
Let t(i) = i**3 + 3*i**2 - 78*i - 155. Give t(8).
-75
Let y(v) = -100918*v + 8073425. What is y(80)?
-15
Let i(h) = 2*h**3 + 830*h**2 + 2481*h + 3716. What is i(-412)?
8
Let l(x) = -7*x**2 - 274*x + 164253. Determine l(-174).
-3
Let i(b) = -337*b**2 - 2113*b - 553. What is i(-6)?
-7
Let b(g) = -3542*g - 2188970. What is b(-618)?
-14
Let v(b) = -5979*b + 5962. Determine v(1).
-17
Let y(i) = 291906*i - 875756. Give y(3).
-38
Let i(w) = -3875*w + 4933. What is i(2)?
-2817
Let o(m) = -68*m**3 - 100*m**2 + 280*m - 111. Calculate o(-3).
-15
Let t(n) = -n**3 - 9*n**2 - 45*n - 238. Give t(-6).
-76
Let w(y) = y**3 - 46*y**2 - 433*y + 14. Calculate w(54).
-40
Let n(u) = 5*u**3 - 66*u**2 + 1364*u - 17556. Calculate n(13).
7
Let r(g) = -2*g**3 + 768*g**2 + 3890*g + 8. Give r(-5).
8
Let v(g) = -33923*g + 6682841. What is v(197)?
10
Let u(r) = 15955*r**2 + 191512*r + 624. Calculate u(-12).
0
Let y(a) = -a**3 + 139*a**2 + 272*a + 1929. Give y(141).
519
Let g(o) = 3928*o + 1284440. Calculate g(-327).
-16
Let h(y) = 2846*y + 592. Determine h(-1).
-2254
Let p(o) = 521*o - 53115. Determine p(102).
27
Let a(c) = -68*c**2 + 335*c - 1342. Give a(4).
-1090
Let u(c) = c**3 + 63*c**2 - 1521*c - 40516. Give u(-76).
-8
Let z(c) = -5*c**2 + 110*c + 6703. What is z(-29)?
-692
Let d(l) = -2*l**3 + 65*l**2 - 331*l + 20. Give d(0).
20
Let l(d) = d**2 - 1716*d - 265708. Give l(-143).
129
Let q(i) = -2*i**3 + 69*i**2 - 393*i + 3682. Calculate q(30).
-8
Let c(x) = -376*x + 130331. What is c(347)?
-141
Let z(i) = i**3 + 28*i**2 - 100*i - 2273. Give z(-23).
2672
Let s(x) = -2*x**3 - 67*x**2 - 141*x - 1493. Give s(-32).
-53
Let l(s) = -s**2 - 435*s + 182624. What is l(262)?
10
Let n(j) = -40389*j - 80765. What is n(-2)?
13
Let w(t) = -t**2 + 526*t + 176903. Calculate w(-233).
56
Let t(v) = 4*v**3 + 57*v**2 + 142*v + 401. Determine t(-12).
-7
Let p(h) = 3116*h + 34613. Determine p(-11).
337
Let x(z) = 872*z - 362156. Give x(415).
-276
Let f(g) = -137*g**2 - 1366*g + 4111. What is f(3)?
-1220
Let m(p) = -143275*p - 8453209. Calculate m(-59).
16
Let x(h) = -916*h + 24742. Calculate x(27).
10
Let r(j) = 17*j**2 + 10*j - 75. What is r(-4)?
157
Let m(o) = o**3 + 219*o**2 - 194*o + 10. Give m(0).
10
Let l(o) = -3*o**3 - 3026*o**2 - 271792*o - 917. Determine l(-909).
-8
Let y(f) = -f**2 + 42*f - 475. Calculate y(-42).
-4003
Let y(j) = -4*j**3 + 147*j**2 + 319*j + 10. Determine y(-2).
-8
Let c(x) = 5408*x - 21949. What is c(4)?
-317
Let b(q) = -1980*q + 51426. What is b(26)?
-54
Let c(w) = -5*w**3 + 180*w**2 - 342*w + 85. Determine c(34).
17
Let y(a) = -3*a**2 + 19012*a - 152018. Calculate y(8).
-114
Let y(t) = 14*t**3 + 731*t**2 + 251*t + 4932. Determine y(-52).
-8
Let m(c) = 26*c**2 + 14344*c + 52616. Calculate m(-5